{"id":3628,"date":"2024-04-22T17:07:33","date_gmt":"2024-04-22T17:07:33","guid":{"rendered":"https:\/\/sahinbalikcilik.com.tr\/?page_id=3628"},"modified":"2024-04-22T17:07:33","modified_gmt":"2024-04-22T17:07:33","slug":"rode-garnaal","status":"publish","type":"page","link":"https:\/\/sahinbalikcilik.com.tr\/index.php\/nl\/rode-garnaal\/","title":{"rendered":"RODE GARNAAL"},"content":{"rendered":"<div class=\"wpb-content-wrapper\"><p>[vc_row][vc_column width=&#8221;1\/2&#8243;][vc_column_text]\t\t<div class=\"fotorama responsive-image-silder\"\r\n\t\t\tdata-width=100%\t\t\t\t\t\t\t\t\tdata-height=\"\"\t\t\t\t\t\t\t\t\t\t\t\t\t\t\t\t\t\tdata-nav=thumbs\t\t\t\t\t\tdata-navposition=bottom\t\t\t\t\t\t\t\t\t\t\t\tdata-thumbborderwidth=3\t\t\tdata-allowfullscreen=true\t\t\tdata-fit=cover\t\t\tdata-thumbfit=cover\t\t\tdata-transition=crossfade\t\t\tdata-click=true\t\t\tdata-transitionduration=300\t\t\tfalse\t\t\ttitle\t\t\tdata-hash=false\t\t\tdata-autoplay=true\t\t\tdata-stopautoplayontouch=false\t\t\tdata-loop=true\t\t\tdata-keyboard=true\t\t\tdata-arrows=true\t\t\tdata-click=true\t\t\tdata-swipe=true\t\t\tdata-trackpad=true\t\t\tdata-shuffle=false\t\t\tdata-direction=ltr\t\t\tdata-spinner=true\t\t\t>\r\n\t\t\t<img decoding=\"async\" src=\"https:\/\/sahinbalikcilik.com.tr\/wp-content\/uploads\/2024\/03\/kirmizi-karides.webp\" data-caption=\"\" alt=\"k\u0131rm\u0131z\u0131 karides\"><img decoding=\"async\" src=\"https:\/\/sahinbalikcilik.com.tr\/wp-content\/uploads\/2024\/03\/kirmizi-karides-02.webp\" data-caption=\"\" alt=\"k\u0131rm\u0131z\u0131 karides-02\"><img decoding=\"async\" src=\"https:\/\/sahinbalikcilik.com.tr\/wp-content\/uploads\/2024\/03\/kirmizi-karides-03.webp\" data-caption=\"\" alt=\"k\u0131rm\u0131z\u0131 karides-03\"><img decoding=\"async\" src=\"https:\/\/sahinbalikcilik.com.tr\/wp-content\/uploads\/2024\/03\/kirmizi-karides-04.webp\" data-caption=\"\" alt=\"k\u0131rm\u0131z\u0131 karides-04\"><img decoding=\"async\" src=\"https:\/\/sahinbalikcilik.com.tr\/wp-content\/uploads\/2024\/03\/kirmizi-karides-05.webp\" data-caption=\"\" alt=\"k\u0131rm\u0131z\u0131 karides-05\"><img decoding=\"async\" src=\"https:\/\/sahinbalikcilik.com.tr\/wp-content\/uploads\/2024\/03\/kirmizi-karides-06.webp\" data-caption=\"\" alt=\"k\u0131rm\u0131z\u0131 karides-06\">\t\t<\/div>\r\n\t\t\t<!-- HTML Script Part Start From Here-->\r\n\t<script>\r\n\tjQuery(document).ready(function() {\r\n\t\tjQuery(function () {\r\n\t\t\tjQuery('.responsive-image-silder').fotorama({\r\n\t\t\t\tspinner: {\r\n\t\t\t\t\tlines: 13,\r\n\t\t\t\t\tcolor: 'rgba(0, 0, 0, .75)',\r\n\t\t\t\t\tclassName: 'fotorama',\r\n\t\t\t\t},\r\n\t\t\t\t\t\t\t\tautoplay : 5000,\r\n\t\t\t\t\t\t\t});\r\n\t\t});\r\n\t\t\r\n\t\tjQuery('.fotorama__stage').addClass('hvr-grow');\r\n\t});\r\n\t<\/script>\r\n\t[\/vc_column_text][vc_empty_space height=&#8221;10px&#8221;][\/vc_column][vc_column width=&#8221;1\/2&#8243;][vc_column_text]<strong>Handelsnaam:<\/strong> Rode garnaal<\/p>\n<p><strong>Wetenschappelijke Naam:<\/strong> Aristeus Antennatus<\/p>\n<p><strong>Familie:<\/strong> Penaeidae<\/p>\n<p><strong>Vangstgebied: <\/strong>De Voedsel- en Landbouworganisatie (FAO) 37.3.1<\/p>\n<p><strong>Vangstmethode: <\/strong>Diepzee trawling<\/p>\n<p><strong>Visseizoen: <\/strong>september &#8211; april<\/p>\n<p><strong>Leveringscapaciteit: <\/strong>100 ton per jaar<\/p>\n<p><strong>Beschikbaar Formaat:<\/strong> NATUUR, Gepeld, Gepelde kop, Gepelde staart, Eenvoudige te pellen<\/p>\n<p><strong>Diepvriestype:<\/strong> Blok en Individueel Snel Ingevroren (IQF)<\/p>\n<p><strong>Glazuur:<\/strong> % 5, 10, 20 of volgens verzoek van de klant<\/p>\n<p><strong>Verpakking: <\/strong>500g \u2013 20kg PP, PE zak, schotel en Kraft kartonnen doos of volgens verzoek van de klant<\/p>\n<p><strong>Voedingswaarden \/100 g:<\/strong> Calorie\u00ebn: 68, Vetten: 1.73g, Koolhydraten: 0g, Eiwitten: 20.3g[\/vc_column_text][\/vc_column][\/vc_row][vc_row][vc_column][vc_empty_space][\/vc_column][\/vc_row]<\/p>\n<\/div>","protected":false},"excerpt":{"rendered":"<p>[vc_row][vc_column width=&#8221;1\/2&#8243;][vc_column_text][\/vc_column_text][vc_empty_space height=&#8221;10px&#8221;][\/vc_column][vc_column width=&#8221;1\/2&#8243;][vc_column_text]Handelsnaam: Rode garnaal Wetenschappelijke Naam: Aristeus Antennatus Familie: Penaeidae Vangstgebied: De Voedsel- en Landbouworganisatie (FAO) 37.3.1 Vangstmethode: Diepzee trawling Visseizoen: september &#8211; april Leveringscapaciteit: 100 ton per jaar Beschikbaar Formaat:&#8230;<\/p>\n","protected":false},"author":1,"featured_media":0,"parent":0,"menu_order":0,"comment_status":"closed","ping_status":"closed","template":"","meta":{"om_disable_all_campaigns":false,"inline_featured_image":false,"_monsterinsights_skip_tracking":false,"_monsterinsights_sitenote_active":false,"_monsterinsights_sitenote_note":"","_monsterinsights_sitenote_category":0,"_uf_show_specific_survey":0,"_uf_disable_surveys":false,"footnotes":""},"class_list":["post-3628","page","type-page","status-publish","hentry"],"_links":{"self":[{"href":"https:\/\/sahinbalikcilik.com.tr\/index.php\/wp-json\/wp\/v2\/pages\/3628","targetHints":{"allow":["GET"]}}],"collection":[{"href":"https:\/\/sahinbalikcilik.com.tr\/index.php\/wp-json\/wp\/v2\/pages"}],"about":[{"href":"https:\/\/sahinbalikcilik.com.tr\/index.php\/wp-json\/wp\/v2\/types\/page"}],"author":[{"embeddable":true,"href":"https:\/\/sahinbalikcilik.com.tr\/index.php\/wp-json\/wp\/v2\/users\/1"}],"replies":[{"embeddable":true,"href":"https:\/\/sahinbalikcilik.com.tr\/index.php\/wp-json\/wp\/v2\/comments?post=3628"}],"version-history":[{"count":1,"href":"https:\/\/sahinbalikcilik.com.tr\/index.php\/wp-json\/wp\/v2\/pages\/3628\/revisions"}],"predecessor-version":[{"id":3629,"href":"https:\/\/sahinbalikcilik.com.tr\/index.php\/wp-json\/wp\/v2\/pages\/3628\/revisions\/3629"}],"wp:attachment":[{"href":"https:\/\/sahinbalikcilik.com.tr\/index.php\/wp-json\/wp\/v2\/media?parent=3628"}],"curies":[{"name":"wp","href":"https:\/\/api.w.org\/{rel}","templated":true}]}}