{"id":3538,"date":"2024-04-22T09:49:06","date_gmt":"2024-04-22T09:49:06","guid":{"rendered":"https:\/\/sahinbalikcilik.com.tr\/?page_id=3538"},"modified":"2024-04-22T09:49:20","modified_gmt":"2024-04-22T09:49:20","slug":"over-ons","status":"publish","type":"page","link":"https:\/\/sahinbalikcilik.com.tr\/index.php\/nl\/over-ons\/","title":{"rendered":"OVER ONS"},"content":{"rendered":"<div class=\"wpb-content-wrapper\"><p>[vc_row][vc_column][vc_row_inner css=&#8221;.vc_custom_1449140720718{margin-bottom: 0px !important;}&#8221;][vc_column_inner offset=&#8221;vc_hidden-xs&#8221; css=&#8221;.vc_custom_1449140656921{margin-bottom: 80px !important;}&#8221;][rev_slider_vc alias=&#8221;about_us_slider&#8221;][vc_column_text css=&#8221;.vc_custom_1713779342667{margin-bottom: 30px !important;}&#8221;]<\/p>\n<p class=\"p1\"><strong>OVER ONS<\/strong><\/p>\n<p align=\"JUSTIFY\"><span lang=\"nl-NL\">Mehmet \u015eahin \u00c7AKAN, die sinds 1989 actief is op verschillende gebieden van de visserijsector, richtte in 2005 zijn eigen transportbedrijf op. Zo doende kon de vis die door de boten in de koelketen werd aangevoerd, met eigen vloot worden vervoerd. In 2007 richtte Mehmet \u015eahin \u00c7akan, de firma Mehmet \u015eahin \u00c7akan Bal\u0131k\u00e7\u0131l\u0131k Ltd. \u015eti. op, die vandaag met meer dan 100 boten de activiteiten voortzet die met 1 vissersbootje zijn begonnen. <\/span><\/p>\n<p align=\"JUSTIFY\"><span lang=\"nl-NL\">Mehmet \u015eahin \u00c7akan, heeft de koude lucht visverwerkingsfaciliteit die hij in 2012 oprichtte, in het jaar 2016 uitgebreid en gemoderniseerd. Het visverwerkingsbedrijf begon te exporteren naar vele landen waaronder Griekenland, Itali\u00eb, de Volksrepubliek China, Belgi\u00eb, Frankrijk, Koeweit, Qatar, Libanon en de Turkse Republiek Noord-Cyprus. Teneinde zijn aandeel op de Europese markt te verhogen werkt het bedrijf nu sinds 2023 in samenwerking met firma Fishmate, die in Belgi<\/span><span lang=\"nl-NL\">\u00eb actief is. <\/span><\/p>\n<p align=\"JUSTIFY\"><span lang=\"nl-NL\">Terwijl hij zijn commerci\u00eble activiteiten voortzet, speelt \u00c7akan ook een actieve rol in economische en sociale organisaties die bijdragen tot de aquacultuursector. Mehmet \u015eahin \u00c7AKAN, die in 2010 werd verkozen tot voorzitter van de Vissers Zakenlieden Vereniging van \u0130zmir, werd in 2013 verkozen tot lid van de Kamer van Koophandel en in 2018 tot lid van de Raad van Bestuur van de Kamer van Koophandel van \u0130zmir. Hij is sinds 2018 voorzitter van de Visserijwerkgroep van Izmir en sinds 2022 voorzitter van de Landbouwcommissie van de Kamer van Koophandel van Izmir. Hij is sinds 2020 lid van de Raad van Toezicht van de Academische Stichting van Izmir Economische Universiteit en sinds 2022 lid van de raad van bestuur van de Vereniging Ege<\/span><span lang=\"nl-NL\">\u00ef<\/span><span lang=\"nl-NL\">sche Exporteurs van Dierlijke producten. Sinds een jaar neemt hij het voorzitterschap waar van de Raad van Bestuur van de op landbouw gebaseerde gespecialiseerde serreteelt (geothermisch bron) van de Georganiseerde Industri<\/span><span lang=\"nl-NL\">\u00eb<\/span><span lang=\"nl-NL\">le zone van Dikili. <\/span><\/p>\n<p align=\"JUSTIFY\"><span lang=\"nl-NL\">Mehmet \u015eahin \u00c7AKAN streeft ernaar, binnen de \u015eahin Group, bredere regio\u2019s te bedienen met zijn natuurlijke en kwaliteitsproducten door de productdiversiteit in de visserijsector te vergroten en blijft ge\u00efntegreerde diensten leveren met betrekking tot visvangst, logistiek, groothandel, koelopslag, , verwerking en voornamelijk export gerichte distributie- en marketingactiviteiten.<\/span><\/p>\n<p>[\/vc_column_text][\/vc_column_inner][\/vc_row_inner][\/vc_column][\/vc_row]<\/p>\n<\/div>","protected":false},"excerpt":{"rendered":"<p>[vc_row][vc_column][vc_row_inner css=&#8221;.vc_custom_1449140720718{margin-bottom: 0px !important;}&#8221;][vc_column_inner offset=&#8221;vc_hidden-xs&#8221; css=&#8221;.vc_custom_1449140656921{margin-bottom: 80px !important;}&#8221;][rev_slider_vc alias=&#8221;about_us_slider&#8221;][vc_column_text css=&#8221;.vc_custom_1713779342667{margin-bottom: 30px !important;}&#8221;] OVER ONS Mehmet \u015eahin \u00c7AKAN, die sinds 1989 actief is op verschillende gebieden van de visserijsector, richtte in 2005 zijn eigen&#8230;<\/p>\n","protected":false},"author":1,"featured_media":0,"parent":0,"menu_order":0,"comment_status":"closed","ping_status":"closed","template":"","meta":{"om_disable_all_campaigns":false,"inline_featured_image":false,"_monsterinsights_skip_tracking":false,"_monsterinsights_sitenote_active":false,"_monsterinsights_sitenote_note":"","_monsterinsights_sitenote_category":0,"_uf_show_specific_survey":0,"_uf_disable_surveys":false,"footnotes":""},"class_list":["post-3538","page","type-page","status-publish","hentry"],"_links":{"self":[{"href":"https:\/\/sahinbalikcilik.com.tr\/index.php\/wp-json\/wp\/v2\/pages\/3538","targetHints":{"allow":["GET"]}}],"collection":[{"href":"https:\/\/sahinbalikcilik.com.tr\/index.php\/wp-json\/wp\/v2\/pages"}],"about":[{"href":"https:\/\/sahinbalikcilik.com.tr\/index.php\/wp-json\/wp\/v2\/types\/page"}],"author":[{"embeddable":true,"href":"https:\/\/sahinbalikcilik.com.tr\/index.php\/wp-json\/wp\/v2\/users\/1"}],"replies":[{"embeddable":true,"href":"https:\/\/sahinbalikcilik.com.tr\/index.php\/wp-json\/wp\/v2\/comments?post=3538"}],"version-history":[{"count":2,"href":"https:\/\/sahinbalikcilik.com.tr\/index.php\/wp-json\/wp\/v2\/pages\/3538\/revisions"}],"predecessor-version":[{"id":3540,"href":"https:\/\/sahinbalikcilik.com.tr\/index.php\/wp-json\/wp\/v2\/pages\/3538\/revisions\/3540"}],"wp:attachment":[{"href":"https:\/\/sahinbalikcilik.com.tr\/index.php\/wp-json\/wp\/v2\/media?parent=3538"}],"curies":[{"name":"wp","href":"https:\/\/api.w.org\/{rel}","templated":true}]}}