{"id":3229,"date":"2024-04-17T08:29:13","date_gmt":"2024-04-17T08:29:13","guid":{"rendered":"https:\/\/sahinbalikcilik.com.tr\/?page_id=3229"},"modified":"2024-04-17T12:17:35","modified_gmt":"2024-04-17T12:17:35","slug":"chi-siamo","status":"publish","type":"page","link":"https:\/\/sahinbalikcilik.com.tr\/index.php\/it\/chi-siamo\/","title":{"rendered":"CHI SIAMO"},"content":{"rendered":"<div class=\"wpb-content-wrapper\"><p>[vc_row][vc_column][vc_row_inner css=&#8221;.vc_custom_1449140720718{margin-bottom: 0px !important;}&#8221;][vc_column_inner offset=&#8221;vc_hidden-xs&#8221; css=&#8221;.vc_custom_1449140656921{margin-bottom: 80px !important;}&#8221;][rev_slider_vc alias=&#8221;about_us_slider&#8221;][vc_column_text css=&#8221;.vc_custom_1713342546136{margin-bottom: 30px !important;}&#8221;]<span style=\"font-size: medium;\"><b>CHI SIAMO<\/b><\/span><\/p>\n<p align=\"JUSTIFY\"><span style=\"font-size: 12pt;\">Mehmet \u015eahin \u00c7AKAN, che ha prestato servizio in molti settori dell&#8217;industria della pesca dal 1989 fino a oggi, ha fondato la propria compagnia di trasporti nel 2005. Ha cos\u00ec iniziato a trasportare il pesce fornito dalle barche nella catena del freddo attraverso la propria flotta. Il signor \u00c7akan, chi fond\u00f2 la Mehmet \u015eahin \u00c7akan Bal\u0131k\u00e7\u0131l\u0131k Ltd \u015eti. nel 2007 con 1 peschereccio, attualmente continua le sue attivit\u00e0 con una flotta peschereccia di oltre 100 barche.<\/span><\/p>\n<p align=\"JUSTIFY\"><span style=\"font-size: 12pt;\">Mehmet \u015eahin \u00c7akan, che ha fondato l&#8217;impianto di lavorazione del pesce a clima freddo nel 2012, ha iniziato ad esportare dal Impianto di lavorazione del pesce che ha ampliato e modernizzato nel 2016 in molti paesi, tra cui Grecia, Italia, Repubblica popolare cinese, Belgio, Francia, Kuwait, Qatar, Libano e Repubblica turca di Cipro del Nord. L\u2019azienda punta ad aumentare la propria quota nel mercato europeo collaborando con la societ\u00e0 Fishmate operante in Belgio a partire dal 2023. <\/span><\/p>\n<p><span style=\"font-size: 12pt;\"><span lang=\"it-IT\">Pur continuando le sue attivit\u00e0 commerciali, \u00c7akan svolge anche un ruolo attivo nelle organizzazioni di responsabilit\u00e0 economica e sociale che contribuiscono al settore dell&#8217;acquacoltura. Mehmet \u015eahin \u00c7AKAN, eletto presidente dell&#8217;Associazione degli imprenditori dei pescatori di Izm\u0131r nel 2010, \u00e8 stato eletto membro del Consiglio della Camera di commercio di Izmir nel 2013 e membro del Consiglio di amministrazione della Camera di commercio di Izmir nel 2018. \u00c8 presidente del gruppo di lavoro sulla pesca di Izmir dal 2018 e presidente della commissione per l&#8217;agricoltura della Camera di commercio di Izmir dal 2022. \u00c8 membro del consiglio di amministrazione della Fondazione dell&#8217;Universit\u00e0 di Economia di Izmir dal 2020 e membro del consiglio di amministrazione dell&#8217;Associazione degli esportatori dell&#8217;Egeo per i prodotti animali dal 2022. Da un anno ricopre la carica di presidente del consiglio di amministrazione della zona industriale organizzata di serre specializzate basate sull&#8217;agricoltura (di origine geotermica) di Dikili.<\/span><\/span><\/p>\n<p><span style=\"font-size: 12pt;\"><span lang=\"it-IT\">Mehmet \u015eahin \u00c7AKAN, che mira a servire aree geografiche pi\u00f9 ampie con i suoi prodotti naturali e di qualit\u00e0 aumentando la diversit\u00e0 dei prodotti nel settore della pesca, continua a fornire servizi integrati all&#8217;interno del Gruppo \u015eahin con attivit\u00e0 di caccia, logistica, commercio all&#8217;ingrosso, conservazione frigorifera, lavorazione e soprattutto attivit\u00e0 di distribuzione e marketing orientate all&#8217;esportazione.<\/span><\/span>[\/vc_column_text][\/vc_column_inner][\/vc_row_inner][\/vc_column][\/vc_row]<\/p>\n<\/div>","protected":false},"excerpt":{"rendered":"<p>[vc_row][vc_column][vc_row_inner css=&#8221;.vc_custom_1449140720718{margin-bottom: 0px !important;}&#8221;][vc_column_inner offset=&#8221;vc_hidden-xs&#8221; css=&#8221;.vc_custom_1449140656921{margin-bottom: 80px !important;}&#8221;][rev_slider_vc alias=&#8221;about_us_slider&#8221;][vc_column_text css=&#8221;.vc_custom_1713342546136{margin-bottom: 30px !important;}&#8221;]CHI SIAMO Mehmet \u015eahin \u00c7AKAN, che ha prestato servizio in molti settori dell&#8217;industria della pesca dal 1989 fino a oggi, ha fondato&#8230;<\/p>\n","protected":false},"author":1,"featured_media":0,"parent":0,"menu_order":0,"comment_status":"closed","ping_status":"closed","template":"","meta":{"om_disable_all_campaigns":false,"inline_featured_image":false,"_monsterinsights_skip_tracking":false,"_monsterinsights_sitenote_active":false,"_monsterinsights_sitenote_note":"","_monsterinsights_sitenote_category":0,"_uf_show_specific_survey":0,"_uf_disable_surveys":false,"footnotes":""},"class_list":["post-3229","page","type-page","status-publish","hentry"],"_links":{"self":[{"href":"https:\/\/sahinbalikcilik.com.tr\/index.php\/wp-json\/wp\/v2\/pages\/3229","targetHints":{"allow":["GET"]}}],"collection":[{"href":"https:\/\/sahinbalikcilik.com.tr\/index.php\/wp-json\/wp\/v2\/pages"}],"about":[{"href":"https:\/\/sahinbalikcilik.com.tr\/index.php\/wp-json\/wp\/v2\/types\/page"}],"author":[{"embeddable":true,"href":"https:\/\/sahinbalikcilik.com.tr\/index.php\/wp-json\/wp\/v2\/users\/1"}],"replies":[{"embeddable":true,"href":"https:\/\/sahinbalikcilik.com.tr\/index.php\/wp-json\/wp\/v2\/comments?post=3229"}],"version-history":[{"count":3,"href":"https:\/\/sahinbalikcilik.com.tr\/index.php\/wp-json\/wp\/v2\/pages\/3229\/revisions"}],"predecessor-version":[{"id":3286,"href":"https:\/\/sahinbalikcilik.com.tr\/index.php\/wp-json\/wp\/v2\/pages\/3229\/revisions\/3286"}],"wp:attachment":[{"href":"https:\/\/sahinbalikcilik.com.tr\/index.php\/wp-json\/wp\/v2\/media?parent=3229"}],"curies":[{"name":"wp","href":"https:\/\/api.w.org\/{rel}","templated":true}]}}